{"id":578,"date":"2019-06-18T21:36:36","date_gmt":"2019-06-18T20:36:36","guid":{"rendered":"http:\/\/www.sdis-etraz-region.ch\/?page_id=578"},"modified":"2019-06-18T21:36:36","modified_gmt":"2019-06-18T20:36:36","slug":"preavis","status":"publish","type":"page","link":"https:\/\/www.sdis-etraz-region.ch\/index.php\/sdis\/organes-politiques\/preavis\/","title":{"rendered":"Pr\u00e9avis"},"content":{"rendered":"<p>[vc_row][vc_column][vc_column_text]<\/p>\n<h4 class=\"heading-style-4 visible-first visible\">L\u00e9gislature 2016-2021<\/h4>\n<p><a href=\"http:\/\/www.sdis-etraz-region.ch\/wp-content\/uploads\/2018\/11\/Pr\u00e9avis-1_2017-autorisation-plaider.pdf\" target=\"_blank\">Pr\u00e9avis 1-2017 Autorisation de plaider<\/a><\/p>\n<p><a href=\"http:\/\/www.sdis-etraz-region.ch\/wp-content\/uploads\/2019\/06\/Preavis_2_2017_depenses_imprevisibles.pdf\" target=\"_blank\">Pr\u00e9avis 2-2017 D\u00e9penses impr\u00e9visibles<\/a><\/p>\n<p><a href=\"http:\/\/www.sdis-etraz-region.ch\/wp-content\/uploads\/2019\/06\/Preavis_3_2017_Comptes_2016.pdf\" target=\"_blank\">Pr\u00e9avis 3-2017 Comptes 2016<\/a><\/p>\n<p><a href=\"http:\/\/www.sdis-etraz-region.ch\/wp-content\/uploads\/2019\/06\/Preavis_4_2017_Budget_2018.pdf\" target=\"_blank\">Pr\u00e9avis 4-2017 Budget 2018<\/a><\/p>\n<p><a href=\"http:\/\/www.sdis-etraz-region.ch\/wp-content\/uploads\/2019\/06\/Preavis_1_2018_Comptes_2017.pdf\" target=\"_blank\">Pr\u00e9avis 1-2018 Comptes 2017<\/a><\/p>\n<p><a href=\"http:\/\/www.sdis-etraz-region.ch\/wp-content\/uploads\/2019\/06\/Preavis_2_2018_Budget_2019.pdf\" target=\"_blank\">Pr\u00e9avis 2-2018 Budget 2019<\/a><\/p>\n<p><a href=\"http:\/\/www.sdis-etraz-region.ch\/wp-content\/uploads\/2019\/06\/Preavis_3_2018_Reglement_du_Conseil_intercommunal_du_SDIS.pdf\" target=\"_blank\">Pr\u00e9avis 3-2018 R\u00e8glement du Conseil intercommunal du SDIS Etraz-R\u00e9gion<\/a><\/p>\n<p><a href=\"http:\/\/www.sdis-etraz-region.ch\/wp-content\/uploads\/2019\/06\/Preavis_4_2018_Reglement_interne_du_SDIS_Etraz-Region.pdf\" target=\"_blank\">Pr\u00e9avis 4-2018 R\u00e8glement interne du SDIS Etraz-R\u00e9gion<\/a><\/p>\n<p><a href=\"http:\/\/www.sdis-etraz-region.ch\/wp-content\/uploads\/2019\/06\/Preavis_1_2019_Comptes_2018.pdf\" target=\"_blank\">Pr\u00e9avis 1-2019 Comptes 2018<\/a>[\/vc_column_text][\/vc_column][\/vc_row]<\/p>\n","protected":false},"excerpt":{"rendered":"<p>[vc_row][vc_column][vc_column_text]<br \/>\nL\u00e9gislature 2016-2021<br \/>\nPr\u00e9avis 1-2017 Autorisation de plaider<br \/>\nPr\u00e9avis 2-2017 D\u00e9penses impr\u00e9visibles<br \/>\nPr\u00e9avis 3-2017 Comptes 2016<br \/>\nPr\u00e9avis 4-2017 Budget 2018<br \/>\nPr\u00e9avis 1-2018 Comptes 2017<br \/>\nPr\u00e9avis 2-2018 Budget 2019<br \/>\nPr\u00e9avis 3-2018 R\u00e8glement du Conseil intercommunal du SDIS Etraz-R\u00e9gion<br \/>\nPr\u00e9avis 4-2018 R\u00e8glement interne du SDIS Etraz-R\u00e9gion<br \/>\nPr\u00e9avis 1-2019 Comptes 2018[\/vc_column_text][\/vc_column][\/vc_row]<\/p>\n","protected":false},"author":5,"featured_media":0,"parent":403,"menu_order":0,"comment_status":"closed","ping_status":"closed","template":"page-full-width.php","meta":[],"_links":{"self":[{"href":"https:\/\/www.sdis-etraz-region.ch\/index.php\/wp-json\/wp\/v2\/pages\/578"}],"collection":[{"href":"https:\/\/www.sdis-etraz-region.ch\/index.php\/wp-json\/wp\/v2\/pages"}],"about":[{"href":"https:\/\/www.sdis-etraz-region.ch\/index.php\/wp-json\/wp\/v2\/types\/page"}],"author":[{"embeddable":true,"href":"https:\/\/www.sdis-etraz-region.ch\/index.php\/wp-json\/wp\/v2\/users\/5"}],"replies":[{"embeddable":true,"href":"https:\/\/www.sdis-etraz-region.ch\/index.php\/wp-json\/wp\/v2\/comments?post=578"}],"version-history":[{"count":1,"href":"https:\/\/www.sdis-etraz-region.ch\/index.php\/wp-json\/wp\/v2\/pages\/578\/revisions"}],"predecessor-version":[{"id":579,"href":"https:\/\/www.sdis-etraz-region.ch\/index.php\/wp-json\/wp\/v2\/pages\/578\/revisions\/579"}],"up":[{"embeddable":true,"href":"https:\/\/www.sdis-etraz-region.ch\/index.php\/wp-json\/wp\/v2\/pages\/403"}],"wp:attachment":[{"href":"https:\/\/www.sdis-etraz-region.ch\/index.php\/wp-json\/wp\/v2\/media?parent=578"}],"curies":[{"name":"wp","href":"https:\/\/api.w.org\/{rel}","templated":true}]}}

Préavis

<p>[vc_row][vc_column][vc_column_text]</p>
<h4 class="heading-style-4 visible-first visible">Législature 2016-2021</h4>
<p><a href="http://www.sdis-etraz-region.ch/wp-content/uploads/2018/11/Préavis-1_2017-autorisation-plaider.pdf" target="_blank">Préavis 1-2017 Autorisation de plaider</a></p>
<p><a href="http://www.sdis-etraz-region.ch/wp-content/uploads/2019/06/Preavis_2_2017_depenses_imprevisibles.pdf" target="_blank">Préavis 2-2017 Dépenses imprévisibles</a></p>
<p><a href="http://www.sdis-etraz-region.ch/wp-content/uploads/2019/06/Preavis_3_2017_Comptes_2016.pdf" target="_blank">Préavis 3-2017 Comptes 2016</a></p>
<p><a href="http://www.sdis-etraz-region.ch/wp-content/uploads/2019/06/Preavis_4_2017_Budget_2018.pdf" target="_blank">Préavis 4-2017 Budget 2018</a></p>
<p><a href="http://www.sdis-etraz-region.ch/wp-content/uploads/2019/06/Preavis_1_2018_Comptes_2017.pdf" target="_blank">Préavis 1-2018 Comptes 2017</a></p>
<p><a href="http://www.sdis-etraz-region.ch/wp-content/uploads/2019/06/Preavis_2_2018_Budget_2019.pdf" target="_blank">Préavis 2-2018 Budget 2019</a></p>
<p><a href="http://www.sdis-etraz-region.ch/wp-content/uploads/2019/06/Preavis_3_2018_Reglement_du_Conseil_intercommunal_du_SDIS.pdf" target="_blank">Préavis 3-2018 Règlement du Conseil intercommunal du SDIS Etraz-Région</a></p>
<p><a href="http://www.sdis-etraz-region.ch/wp-content/uploads/2019/06/Preavis_4_2018_Reglement_interne_du_SDIS_Etraz-Region.pdf" target="_blank">Préavis 4-2018 Règlement interne du SDIS Etraz-Région</a></p>
<p><a href="http://www.sdis-etraz-region.ch/wp-content/uploads/2019/06/Preavis_1_2019_Comptes_2018.pdf" target="_blank">Préavis 1-2019 Comptes 2018</a>[/vc_column_text][/vc_column][/vc_row]</p>

<p>[vc_row][vc_column][vc_column_text]<br />
Législature 2016-2021<br />
Préavis 1-2017 Autorisation de plaider<br />
Préavis 2-2017 Dépenses imprévisibles<br />
Préavis 3-2017 Comptes 2016<br />
Préavis 4-2017 Budget 2018<br />
Préavis 1-2018 Comptes 2017<br />
Préavis 2-2018 Budget 2019<br />
Préavis 3-2018 Règlement du Conseil intercommunal du SDIS Etraz-Région<br />
Préavis 4-2018 Règlement interne du SDIS Etraz-Région<br />
Préavis 1-2019 Comptes 2018[/vc_column_text][/vc_column][/vc_row]</p>
